d by 121?
119
Calculate the remainder when 1637437 is divided by 560.
557
Calculate the remainder when 39007 is divided by 365.
317
Calculate the remainder when 167417 is divided by 1508.
29
Calculate the remainder when 2091486 is divided by 28.
26
What is the remainder when 778 is divided by 472?
306
What is the remainder when 3116 is divided by 234?
74
What is the remainder when 127957 is divided by 3?
1
Calculate the remainder when 2945 is divided by 16.
1
Calculate the remainder when 74795 is divided by 137.
130
Calculate the remainder when 3270317 is divided by 114.
113
What is the remainder when 4535 is divided by 13?
11
Calculate the remainder when 12950 is divided by 90.
80
What is the remainder when 12036 is divided by 1687?
227
Calculate the remainder when 2664 is divided by 70.
4
Calculate the remainder when 28304 is divided by 713.
497
Calculate the remainder when 15207 is divided by 2529.
33
Calculate the remainder when 11533 is divided by 5481.
571
What is the remainder when 25061 is divided by 12526?
9
What is the remainder when 5225 is divided by 2586?
53
What is the remainder when 8111 is divided by 18?
11
Calculate the remainder when 7276 is divided by 50.
26
What is the remainder when 12254 is divided by 717?
65
Calculate the remainder when 530 is divided by 62.
34
Calculate the remainder when 6466 is divided by 2406.
1654
What is the remainder when 1803 is divided by 16?
11
What is the remainder when 89324 is divided by 682?
664
Calculate the remainder when 797 is divided by 292.
213
Calculate the remainder when 234 is divided by 33.
3
Calculate the remainder when 68931 is divided by 811.
807
Calculate the remainder when 530097 is divided by 50.
47
Calculate the remainder when 230459 is divided by 2.
1
What is the remainder when 80989 is divided by 49?
41
Calculate the remainder when 11000 is divided by 196.
24
Calculate the remainder when 92673 is divided by 30891.
0
Calculate the remainder when 4104 is divided by 45.
9
What is the remainder when 792 is divided by 85?
27
Calculate the remainder when 30473 is divided by 30452.
21
What is the remainder when 20296 is divided by 6702?
190
Calculate the remainder when 14054 is divided by 113.
42
What is the remainder when 17635 is divided by 22?
13
Calculate the remainder when 8049 is divided by 169.
106
What is the remainder when 356311 is divided by 194?
127
What is the remainder when 175436 is divided by 389?
386
Calculate the remainder when 893976 is divided by 297992.
0
Calculate the remainder when 90320 is divided by 69.
68
Calculate the remainder when 40452 is divided by 6741.
6
Calculate the remainder when 510390 is divided by 160.
150
What is the remainder when 697852 is divided by 14?
8
What is the remainder when 358 is divided by 41?
30
What is the remainder when 4441 is divided by 82?
13
Calculate the remainder when 17461 is divided by 144.
37
Calculate the remainder when 223049 is divided by 680.
9
What is the remainder when 15880 is divided by 131?
29
Calculate the remainder when 199946 is divided by 73.
72
Calculate the remainder when 239323 is divided by 831.
826
What is the remainder when 218554 is divided by 12?
10
Calculate the remainder when 2294323 is divided by 38.
35
Calculate the remainder when 10876 is divided by 61.
18
Calculate the remainder when 28966 is divided by 471.
235
Calculate the remainder when 1053 is divided by 271.
240
What is the remainder when 1954 is divided by 899?
156
What is the remainder when 3302 is divided by 512?
230
What is the remainder when 834 is divided by 143?
119
What is the remainder when 5189 is divided by 5?
4
Calculate the remainder when 2664 is divided by 1251.
162
Calculate the remainder when 153536 is divided by 1435.
1426
Calculate the remainder when 10625 is divided by 665.
650
Calculate the remainder when 30086 is divided by 339.
254
Calculate the remainder when 11285 is divided by 285.
170
What is the remainder when 831 is divided by 101?
23
Calculate the remainder when 59107 is divided by 822.
745
Calculate the remainder when 709938 is divided by 1332.
1314
What is the remainder when 1619 is divided by 730?
159
What is the remainder when 28875 is divided by 4124?
7
What is the remainder when 52403 is divided by 36?
23
What is the remainder when 1705864 is divided by 347?
12
Calculate the remainder when 476 is divided by 438.
38
Calculate the remainder when 7343 is divided by 22.
17
What is the remainder when 10219 is divided by 110?
99
Calculate the remainder when 1995208 is divided by 309.
304
What is the remainder when 570179 is divided by 51?
50
What is the remainder when 3224231 is divided by 1656?
1655
What is the remainder when 29911 is divided by 997?
1
What is the remainder when 25040 is divided by 2275?
15
What is the remainder when 3117245 is divided by 66?
65
What is the remainder when 84685 is divided by 134?
131
What is the remainder when 8130 is divided by 185?
175
Calculate the remainder when 41841 is divided by 20850.
141
Calculate the remainder when 277730 is divided by 637.
635
Calculate the remainder when 5827 is divided by 10.
7
Calculate the remainder when 2427 is divided by 25.
2
What is the remainder when 8368 is divided by 50?
18
What is the remainder when 3207 is divided by 67?
58
What is the remainder when 18669 is divided by 92?
85
What is the remainder when 1712 is divided by 89?
21
What is the remainder when 82511 is divided by 108?
107
Calculate the remainder when 586452 is divided by 77.
20
What is the remainder when 2964 is divided by 55?
49
Calculate the remainder when 4195 is divided by 9.
1
What is the remainder when 13572 is divided by 1934?
34
Calculate the remainder when 126820 is divided by 12682.
0
What is the remainder when 42361 is divided by 140?
81
Calculate the remainder when 1592 is divided by 435.
287
What is the remainder when 75968 is divided by 228?
44
What is the remainder when 5544 is divided by 128?
40
Calculate the remainder when 5566 is divided by 25.
16
Calculate the remainder when 993 is divided by 543.
450
What is the remainder when 21426 is divided by 36?
6
Calculate the remainder when 16997 is divided by 85.
82
Calculate the remainder when 3517 is divided by 69.
67
Calculate the remainder when 93328 is divided by 1609.
6
What is the remainder when 21027 is divided by 2626?
19
What is the remainder when 54958 is divided by 1361?
518
What is the remainder when 1145008 is divided by 491?
487
Calculate the remainder when 12212 is divided by 1356.
8
Calculate the remainder when 8549 is divided by 22.
13
Calculate the remainder when 36468 is divided by 36457.
11
Calculate the remainder when 4783 is divided by 133.
128
What is the remainder when 42660 is divided by 131?
85
Calculate the remainder when 94796 is divided by 94.
44
What is the remainder when 8422 is divided by 43?
37
Calculate the remainder when 2170 is divided by 106.
50
What is the remainder when 8963 is divided by 4475?
13
Calculate the remainder when 8810 is divided by 222.
152
What is the remainder when 168370 is divided by 3436?
6
What is the remainder when 4113 is divided by 413?
396
What is the remainder when 26346 is divided by 242?
210
Calculate the remainder when 125301 is divided by 106.
9
Calculate the remainder when 1896 is divided by 300.
96
Calculate the remainder when 72613 is divided by 116.
113
What is the remainder when 142572 is divided by 824?
20
Calculate the remainder when 17922 is divided by 3479.
527
Calculate the remainder when 80478 is divided by 47.
14
What is the remainder when 850 is divided by 412?
26
What is the remainder when 42136 is divided by 18?
16
What is the remainder when 13143 is divided by 2612?
83
What is the remainder when 6995 is divided by 3491?
13
Calculate the remainder when 166589 is divided by 24.
5
What is the remainder when 10293 is divided by 3429?
6
What is the remainder when 98237 is divided by 7?
6
Calculate the remainder when 76218 is divided by 37.
35
Calculate the remainder when 93630 is divided by 266.
264
Calculate the remainder when 2256 is divided by 424.
136
Calculate the remainder when 43172 is divided by 168.
164
What is the remainder when 1989 is divided by 33?
9
Calculate the remainder when 189616 is divided by 78.
76
Calcu